+ 11 - 45, 2*v + 5*p = -9. What is the remainder when v is divided by 2?
0
Calculate the remainder when 44/10*-35*(-306)/252 is divided by 36.
7
What is the remainder when 332 is divided by (-7)/3 - 3995/(-141)?
20
Suppose -3*x + 18 = 204. Let u = 113 + x. Suppose 22 = q - 4. Calculate the remainder when u is divided by q.
25
Let d(q) = q**3 + 6*q**2 + 7*q + 5. Let z be d(-4). Let i be z/(-6)*8/(-3). Suppose -3*s + i*s - 9 = 0. Calculate the remainder when 24 is divided by s.
6
Suppose -20*t + 22998 = -1322. What is the remainder when t is divided by 29?
27
Suppose -3*l + 4*n + 425 - 365 = 0, -4*l = n - 80. What is the remainder when l is divided by (1 - (-2 - -2)) + 5?
2
Let t(d) = d + d**2 - 4*d - 8 - 2*d + 2. Suppose 5*u + 2*z - 118 = u, 3*z = 9. Calculate the remainder when u is divided by t(-2).
4
Suppose 0 = 2*s - 2*b + 3*b - 63, 5*b - 112 = -3*s. Let p be -1 + (-116)/(-14) + (-22)/77. Calculate the remainder when s is divided by 711/63 - 2/p.
7
What is the remainder when 2/(-4) + (-230)/(-4) is divided by (-2 + (-22)/4)/((-15)/40)?
17
Let n(t) = 2*t**2 - 59*t + 24. Let w be n(29). Calculate the remainder when (w - -10)/1 + 31 is divided by 19.
17
Let c(g) = 4*g - 38. Let l be c(-6). Let x = l - -120. What is the remainder when x is divided by 31?
27
Calculate the remainder when 33 - (-13 - -11) - -1*2 is divided by 7.
2
What is the remainder when 15 - -58 - 14 - 0/1 is divided by 9?
5
Let i = -243 + 140. Calculate the remainder when (-2)/6*1*(i - -10) is divided by 17.
14
Let r = -390 - -582. What is the remainder when r is divided by 13?
10
Suppose -3*d - 9*d = -36. Suppose -111 = -v - d*v - 5*w, -2*v = w - 57. What is the remainder when v is divided by 10?
9
Calculate the remainder when 73 is divided by (-32 + -4 + 24)*(-18)/8.
19
Let o(z) = 65*z**2 + 2*z - 1. What is the remainder when o(1) is divided by ((-5)/10)/((-5)/340)?
32
Suppose 19*r - 18*r - 11 = 0. What is the remainder when (-3)/(-1) + r/(33/246) is divided by 43?
42
Let z = 9 + -4. Suppose 0 = -4*y + 2*m + 88, -z*y + 67 = -3*m - 45. Suppose -3*h - 110 + y = -2*q, -q = 4*h - 23. What is the remainder when q is divided by 21?
18
Let d(v) = 7*v. Let m(h) = h + 7. Let c be m(-10). Let f(j) = -j**3 + 3*j + 2. What is the remainder when f(c) is divided by d(1)?
6
Let x = 117 - 155. Let o = x + 45. What is the remainder when 2/(1/13*2) is divided by o?
6
Suppose -3*y = -3*t + 153, -4*t + 3*t + 45 = -3*y. Let b be (-2)/((-132)/32 - -4). Let v = b + 3. What is the remainder when t is divided by v?
16
Suppose 0 = -2*m - 2*m + 152. Suppose 4*w - m = 10. What is the remainder when 1 - -1*2*11 is divided by w?
11
Suppose -o + 27 = 5*t + o, t - 4*o - 1 = 0. Suppose -14*l = -t*l - 1224. Calculate the remainder when l is divided by 14.
10
Let z be 10/4*16/20. Let m be 7/3 - z/(-3). Let x = m + 10. Calculate the remainder when 25 is divided by x.
12
Let v(k) = k - 4. Let y be v(-9). Let g = y - -15. Calculate the remainder when 1 is divided by (2 - 2) + g + -1.
0
Suppose 8360 = 23*p + 17*p. Calculate the remainder when p is divided by 76.
57
Suppose 2*o = 4, -2*l + 536 = -0*l + 4*o. What is the remainder when l is divided by 77?
33
Let s be ((-1)/3)/((-11)/(-891)). Calculate the remainder when ((-197)/(-3) - 9/s) + -3 is divided by 13.
11
Let k(x) = 20*x**2 - 340*x + 36. What is the remainder when 388 is divided by k(17)?
28
Let c be (49/28*10)/((-2)/4). Let m = c + 42. What is the remainder when 19 is divided by m?
5
Let t = 67 + -49. Let i = 37 - 20. Let b = -10 + i. Calculate the remainder when t is divided by b.
4
Let v(l) = l**2 - 3*l + 3. Let y be v(4). Let q(z) = 2*z + 7. Suppose 11*x = -13*x + 1464. Calculate the remainder when x is divided by q(y).
19
What is the remainder when 615/6 - (-41)/(-82) is divided by 29?
15
Suppose 102 = b + 2*b. Suppose -3*l = -t + 3*t - 280, -265 = -3*l + t. Suppose -37*a = -32*a - l. Calculate the remainder when b is divided by a.
16
Suppose 0 = -6*d - d + 28. Suppose 0 = p + d*q - 2*q - 439, -5*q = -10. What is the remainder when (-4)/18 + p/135 is divided by 3?
0
Let k = -6 - -63. Suppose -k*c = -55*c - 18. Calculate the remainder when c is divided by 3.
0
Suppose 71*d + 22 = g + 73*d, -2*d = 4*g - 112. What is the remainder when 101 is divided by g?
11
Suppose 88 = -2*h + 352. Suppose -m = -2, h = 5*y - m + 2*m. Calculate the remainder when 233 is divided by y.
25
Let f(o) = o**3 + o**2 + 7. Suppose -4 - 16 = -4*y. Suppose 4*t + 18 = d, 5*d - 2*t + y*t = -2. Calculate the remainder when f(0) is divided by d.
1
Let s(x) = 2*x**2 - 32*x - 224. What is the remainder when 229 is divided by s(22)?
29
Let z(j) = 9 + 10*j - j**3 + 9 + 9 + 11*j**2. What is the remainder when 22 is divided by z(12)?
1
Let q = 535 + -374. Calculate the remainder when q is divided by 51.
8
Suppose -4*t = -4*y + 188, -13 = y + 5*t - 48. Calculate the remainder when -5*(-33 - (0 - -2)) is divided by y.
40
Suppose -174 = -3*u + 5*g - 2*g, -4*u + 217 = g. Calculate the remainder when u is divided by 16*(2 + -1) - 1.
10
What is the remainder when 494/6 + 4 + 60/(-18) is divided by 17?
15
Suppose 5*c + 107 = 4*h, -4*h = -3*h - 3*c - 25. What is the remainder when 363 is divided by h?
27
Suppose 5*s + 78 = 8*s. Let c = -13 + s. Suppose 4*k = c + 27. Calculate the remainder when 29 is divided by k.
9
Let k(d) = -d**2 + d - 6. Let m be k(4). Let z = m - -26. Calculate the remainder when 21 is divided by z.
5
Suppose -3*d = -3*i + 9, 2*d - 21 = -i - 3*d. Suppose -s + i = 1. Suppose -3*w - 8 = w, -s*w = 2*f - 14. What is the remainder when f is divided by 7?
5
What is the remainder when (75 + -19)*24/14 is divided by 20?
16
Suppose 6*k + 321 = 9*k - 2*q, -4*k + 4*q + 428 = 0. Calculate the remainder when k is divided by 12.
11
Suppose -2853 = -3*h - 6*h. Calculate the remainder when h is divided by 40.
37
Suppose -3*u + 792 = 28*n - 25*n, -508 = -2*n + 2*u. What is the remainder when n is divided by 65?
64
Let w be 876/(-28) - (-2)/7. Let s = w - -47. Suppose -2*g + o = -o - 66, -2*g + 5*o = -72. What is the remainder when g is divided by s?
15
Let m = -499 - -545. Calculate the remainder when m is divided by 10 + -4*2/(-4).
10
Suppose 2*k - 5*l = -56, 2*k - 3*l = -0*l - 56. Let c = k + 41. Suppose -12 - 3 = -5*r. What is the remainder when c is divided by r?
1
Suppose 4*p = -5*d + 9*p + 350, -268 = -4*d - 2*p. What is the remainder when d is divided by 27?
14
Let l(n) = 34*n. Suppose 5*y + 20 - 82 = 4*d, -3*y - 5*d + 52 = 0. Calculate the remainder when l(2) is divided by y.
12
Let i = 1845 - 1816. Calculate the remainder when ((-36)/(-10))/(6/140) is divided by i.
26
Let l = -2000 - -2116. Calculate the remainder when l is divided by 15.
11
Let g(m) = 1765*m - 7028. What is the remainder when (-238)/(-4) + (-2)/(-4) is divided by g(4)?
28
Let l = 8 - 5. What is the remainder when (-4)/20 + (-112)/(-10) is divided by l?
2
Let i(j) = -j**3 + 6*j**2 - 2*j - 8. Suppose 4*c - 37 = -5*y, 2*y = -4*c + y + 17. Calculate the remainder when 19 is divided by i(c).
6
Let n = -1041 + 1424. Calculate the remainder when n is divided by 97.
92
Let n(x) = -x**3 + 8*x**2 - 16*x + 54. What is the remainder when (0 + -57)*(-2 - -1) is divided by n(6)?
27
Let q be (1/2)/(1386/276 + -5). Let f = q - 3. What is the remainder when f is divided by 6?
2
Let h = 18 - 9. Suppose 0 = -5*g - h + 184. Suppose -31 + 88 = 3*s. Calculate the remainder when g is divided by s.
16
Let i = -26 - -28. Suppose -i*x + 232 = 2*x. Calculate the remainder when x is divided by 16.
10
Let s(c) = -13*c + 306. What is the remainder when s(22) is divided by 4*-1*14/(-8)?
6
Let l be (-2 + 1)/((-27)/135). Suppose -2*s + l*s - 12 = 0. Calculate the remainder when 18 is divided by (s - 2)*(-10)/(-4).
3
Suppose 5*z - 17*o + 19*o - 573 = 0, 0 = -2*z - o + 230. What is the remainder when z is divided by 5?
3
What is the remainder when (-30)/25*(-1170)/12 is divided by 45?
27
Suppose 8*t - 11*t = -105. Let v = t + -20. Calculate the remainder when 29 is divided by v.
14
Let v = -39 + 63. Suppose 0*f + 4*f = v. Let o = -32 + 47. Calculate the remainder when o is divided by f.
3
Let c = 1832 + -1755. Suppose 0 = -5*f - 0*f. Suppose 4*v - 80 = -f*v. What is the remainder when c is divided by v?
17
Let d(x) = -x**2 + 3*x - 4. Let h be d(